rs of 101576?
2, 12697
What are the prime factors of 8551065?
3, 5, 570071
What are the prime factors of 452962?
2, 23, 43, 229
List the prime factors of 184967.
184967
What are the prime factors of 31115?
5, 7, 127
List the prime factors of 510787.
31, 16477
What are the prime factors of 2788518?
2, 3, 464753
What are the prime factors of 769520?
2, 5, 9619
List the prime factors of 45762.
2, 3, 29, 263
What are the prime factors of 239732?
2, 73, 821
What are the prime factors of 383255?
5, 76651
List the prime factors of 28777877.
28777877
What are the prime factors of 779842?
2, 7, 53, 1051
List the prime factors of 7594764.
2, 3, 632897
What are the prime factors of 2936698?
2, 211, 6959
List the prime factors of 3568002.
2, 3, 594667
List the prime factors of 20026.
2, 17, 19, 31
What are the prime factors of 12294195?
3, 5, 439, 1867
What are the prime factors of 7680887?
7680887
List the prime factors of 8084705.
5, 47, 34403
List the prime factors of 20707654.
2, 11, 797, 1181
What are the prime factors of 20162815?
5, 971, 4153
What are the prime factors of 4564878?
2, 3, 760813
What are the prime factors of 1707523?
1707523
What are the prime factors of 2420453?
7, 47, 1051
What are the prime factors of 370754?
2, 197, 941
List the prime factors of 3822412.
2, 11, 109, 797
List the prime factors of 23337141.
3, 17, 29, 31, 509
What are the prime factors of 722025?
3, 5, 3209
List the prime factors of 43644.
2, 3, 3637
What are the prime factors of 2073168?
2, 3, 4799
List the prime factors of 2699892.
2, 3, 13, 641
What are the prime factors of 670521?
3, 223507
What are the prime factors of 7501529?
7, 47, 151
What are the prime factors of 183864?
2, 3, 47, 163
What are the prime factors of 11634378?
2, 3, 7, 439, 631
What are the prime factors of 2217739?
739, 3001
List the prime factors of 7644587.
7644587
List the prime factors of 11428932.
2, 3, 229, 4159
What are the prime factors of 54396?
2, 3, 1511
What are the prime factors of 262209?
3, 87403
What are the prime factors of 18284503?
17, 43, 25013
List the prime factors of 13137362.
2, 7, 17, 191
List the prime factors of 8847343.
53, 166931
List the prime factors of 270768.
2, 3, 5641
What are the prime factors of 4252392?
2, 3, 19687
List the prime factors of 8999786.
2, 4499893
List the prime factors of 14916879.
3, 61, 3019
List the prime factors of 9235058.
2, 7, 347, 1901
What are the prime factors of 238129?
53, 4493
List the prime factors of 613293.
3, 204431
List the prime factors of 906485.
5, 181297
List the prime factors of 237983.
17, 13999
What are the prime factors of 342434?
2, 131, 1307
What are the prime factors of 318653?
318653
What are the prime factors of 32195072?
2, 7, 13, 691
What are the prime factors of 248491?
191, 1301
What are the prime factors of 26178519?
3, 1877, 4649
List the prime factors of 25378353.
3, 7, 11, 13, 313
List the prime factors of 3972678.
2, 3, 379, 1747
What are the prime factors of 3643112?
2, 11, 41399
List the prime factors of 6287328.
2, 3, 19, 383
What are the prime factors of 32549972?
2, 7, 13, 223, 401
What are the prime factors of 1243850?
2, 5, 24877
List the prime factors of 1622267.
991, 1637
What are the prime factors of 2087720?
2, 5, 19, 41, 67
What are the prime factors of 5387799?
3, 137, 13109
List the prime factors of 3598681.
73, 49297
What are the prime factors of 3474706?
2, 823, 2111
What are the prime factors of 2202805?
5, 11, 331
List the prime factors of 15281501.
967, 15803
List the prime factors of 914771.
11, 13, 6397
What are the prime factors of 659377?
37, 71, 251
List the prime factors of 3072828.
2, 3, 11, 23279
List the prime factors of 8910162.
2, 3, 55001
What are the prime factors of 17565102?
2, 3, 571, 1709
What are the prime factors of 148273?
31, 4783
What are the prime factors of 1847715?
3, 5, 199, 619
What are the prime factors of 2491327?
2491327
What are the prime factors of 180826?
2, 23, 3931
What are the prime factors of 160760?
2, 5, 4019
List the prime factors of 3962077.
7, 566011
What are the prime factors of 190916?
2, 11, 4339
What are the prime factors of 4324902?
2, 3, 17, 109, 389
What are the prime factors of 391817?
391817
List the prime factors of 189882.
2, 3, 7, 11, 137
List the prime factors of 10278323.
11, 934393
List the prime factors of 866080.
2, 5, 5413
List the prime factors of 137424.
2, 3, 7, 409
What are the prime factors of 276563?
7, 39509
What are the prime factors of 3591860?
2, 5, 179593
What are the prime factors of 382309?
443, 863
What are the prime factors of 1873820?
2, 5, 13, 7207
List the prime factors of 27698.
2, 11, 1259
List the prime factors of 6152305.
5, 1230461
List the prime factors of 2447865.
3, 5, 7, 19, 409
List the prime factors of 2650533.
3, 173, 5107
List the prime factors of 314534.
2, 11, 17, 29
What are the prime factors of 1394041?
11, 41, 281
List the prime factors of 2113693.
19, 53, 2099
What are the prime factors of 577014?
2, 3, 17, 5657
What are the prime factors of 5876004?
2, 3, 53, 9239
List the prime factors of 145926.
2, 3, 11, 67
List the prime factors of 247017.
3, 82339
What are the prime factors of 410405?
5, 79, 1039
List the prime factors of 3353505.
3, 5, 17, 13151
What are the prime factors of 503679?
3, 11, 15263
What are the prime factors of 29729511?
3, 7, 52433
What are the prime factors of 5010803?
7, 23, 31123
List the prime factors of 74545.
5, 17, 877
List the prime factors of 7452901.
7452901
What are the prime factors of 244872?
2, 3, 19, 179
What are the prime factors of 3903967?
73, 53479
What are the prime factors of 28299989?
199, 142211
What are the prime factors of 10563354?
2, 3, 19, 67, 461
What are the prime factors of 4878491?
53, 83, 1109
List the prime factors of 7675021.
37, 207433
List the prime factors of 215563.
215563
What are the prime factors of 9024?
2, 3, 47
What are the prime factors of 2729064?
2, 3, 13, 8747
List the prime factors of 6846280.
2, 5, 7, 499
What are the prime factors of 62146?
2, 7, 23, 193
What are the prime factors of 73585?
5, 14717
What are the prime factors of 431244?
2, 3, 11
What are the prime factors of 417998?
2, 7, 73, 409
What are the prime factors of 518516?
2, 129629
What are the prime factors of 55072?
2, 1721
List the prime factors of 7792887.
3, 2597629
What are the prime factors of 514376?
2, 113, 569
List the prime factors of 843491.
11, 6971
List the prime factors of 53710.
2, 5, 41, 131
What are the prime factors of 103877?
109, 953
What are the prime factors of 1348205?
5, 269641
What are the prime factors of 315560?
2, 5, 7, 23
What are the prime factors of 949084?
2, 237271
List the prime factors of 6768572.
2, 71, 23833
What are the prime factors of 622248?
2, 3, 11, 2357
List the prime factors of 83010.
2, 3, 5, 2767
What are the prime factors of 17494614?
2, 3, 101, 9623
List the prime factors of 523854.
2, 3, 89, 109
What are the prime factors of 868583?
868583
List the prime factors of 4011498.
2, 3, 74287
List the prime factors of 4034378.
2, 2017189
What are the prime factors of 539400?
2, 3, 5, 29, 31
What are the prime factors of 2725885?
5, 41, 13297
List the prime factors of 2056290.
2, 3, 5, 68543
List the prime factors of 203089.
43, 4723
What are the prime factors of 581784?
2, 3, 7, 3463
List the prime factors of 251462.
2, 125731
List the prime factors of 1073123.
691, 1553
List the prime factors of 2665187.
7, 19, 29, 691
List the prime factors of 297827.
23, 563
What are the prime factors of 14745909?
3, 4915303
List the prime factors of 2444225.
5, 7, 13967
List the prime factors of 460744.
2, 57593
What are the prime factors of 350168?
2, 7, 13, 37
List the prime factors of 1351199.
1351199
What are the prime factors of 176443?
17, 97, 107
What are the prime factors of 246879?
3, 27431
List the prime factors of 512102.
2, 107, 2393
List the prime factors of 491856.
2, 3, 10247
What are the prime factors of 5821664?
2, 181927
What are the prime factors of 768090?
2, 3, 5, 25603
What are the prime factors of 6748421?
31, 217691
List the prime factors of 287548.
2, 71887
List the prime factors of 4289278.
2, 7, 306377
List the prime factors of 3469140.
2, 3, 5, 19273
List the prime factors of 226979.
353, 